*z. Let w be m(2). Suppose -4 = 2*f - w*f. Suppose -o + 5 = -f. What is the units digit of o?
7
Let d = -1 + 28. What is the units digit of d?
7
Let v(x) = 7*x**2 - 1. Let d be v(-1). Suppose -3*n = -6*n + d. What is the units digit of n?
2
Suppose -6*j = w - 2*j - 116, 0 = -w - 5*j + 121. What is the units digit of w?
6
Let v(c) = -3*c**2 - 28*c + 17. Let n(m) = 2*m**2 + 19*m - 11. Let o(a) = 7*n(a) + 5*v(a). What is the units digit of o(-7)?
8
Suppose 0*c + 566 = 5*c - 3*l, 2*l = -c + 121. What is the tens digit of c?
1
What is the hundreds digit of (-2222)/(-5) + (-51)/(-85)?
4
Suppose -40 = -5*d - 5*r + 45, -16 = -2*d + 4*r. Let x = d + -7. What is the units digit of x?
7
Let u(i) = -i**3 + 15*i**2 - 34*i - 1. What is the tens digit of u(8)?
7
Let h(d) = -9*d - 11. What is the tens digit of h(-5)?
3
Suppose -27 = -5*s + l, 0*s + 2*s - 4*l = 18. Let b(q) = -3*q - 8. Let r be b(-8). Suppose s*z - r = -2*k, -k - 3*k = -12. What is the units digit of z?
2
Let s be 2 + 1 + 2/(-2). What is the units digit of 1 + 3 - (0 - s)?
6
Suppose 3*o = 3*p - p + 379, -385 = -3*o + 5*p. What is the hundreds digit of o?
1
Suppose 3*c + 61 = 2*w, -w = w + 5*c - 21. What is the units digit of w?
3
Suppose -178 = -2*w + 330. What is the tens digit of w?
5
Suppose 0 = 3*f - 129 - 18. What is the tens digit of f?
4
Suppose -5*m - 2*s + 920 = 0, 207 = m + 4*s + 23. What is the units digit of m?
4
Suppose -3*k + 5*a + 64 = -733, 538 = 2*k - 2*a. What is the units digit of k?
4
Let v(x) = 2*x**2 + 7*x - 7. Suppose -7 = h - 1. What is the tens digit of v(h)?
2
Let v = 2 + 4. What is the units digit of v?
6
What is the tens digit of 4/(-3)*294/(-28)?
1
What is the tens digit of 5/((-60)/8)*-159?
0
Let n(x) = -2*x**3 + 15*x**2 - 7*x + 6. What is the units digit of n(7)?
6
Let u(i) = i**2 + 6*i - 11. Let r be u(-9). What is the units digit of -1*45*r/(-40)?
8
Suppose 0*i - 2*i = 3*m - 76, 3*i - 16 = -m. What is the tens digit of m?
2
Let z(v) = 5*v - 8. What is the units digit of z(13)?
7
Let u be 1/(-3) + (-46)/6. What is the units digit of -2*(-3 + 92/u)?
9
Suppose 331 = 5*f + 2*t, -6*f + 4*f + t = -127. What is the units digit of f?
5
Suppose 3*o - 15 = -4*i, 0*o = 4*o + i - 20. Let a(z) = 5 - 4*z**2 - z**3 - o*z**2 + 3. What is the units digit of a(-9)?
8
Let s(n) = 5*n**2 - 3*n. What is the tens digit of s(3)?
3
Let a(r) = -r**2 - 7*r + 8. Let t be a(-8). Let q(j) = j**2 - j + 1. Let k be q(t). Suppose -5*d + 4 + k = 0. What is the units digit of d?
1
Suppose 0 = -p + 2 + 32. Suppose -m = -5*x, -4*m + p = -5*x + 2*x. What is the units digit of m?
0
What is the units digit of ((-5)/2)/((-1)/2)?
5
Let c(v) = -4*v**3 - v + 3. Let n(i) = -5*i**3 - i + 3. Let b(x) = -4*c(x) + 3*n(x). Let d be b(0). What is the units digit of d/((-9)/6) + 3?
5
Let x be -1 - (-2 - (-18)/3). Let m(v) = -v**3 - 5*v**2 - 2*v - 3. What is the units digit of m(x)?
7
Let b(l) = l**3 + 16*l**2 - 17*l + 11. Let y be b(-17). Suppose d + 2*q + y = 50, 4*d - 4*q - 156 = 0. What is the units digit of d?
9
Suppose -8 = -2*q + 6. Suppose -a - q = -1. What is the units digit of 6/(-4)*8/a?
2
Let z(r) = -r**3 + 2*r**2 + r - 2. Let m be z(2). Let c be (-2 + m)/(-6 + 5). Suppose 0 = 7*j - c*j - 15. What is the units digit of j?
3
Let z be -15*(20/(-6))/5. Suppose z = 5*h, 2*s - 22 = -0*s - 3*h. What is the units digit of s?
8
Let k(o) = -3*o**2 + 19*o + 11. Let h(x) = x**2 - 6*x - 4. Let b(n) = 8*h(n) + 3*k(n). Let l be b(5). Suppose 0 = -0*y + 3*y - l. What is the units digit of y?
7
Let g(i) = 2*i**3 - 2*i**2 + i + 2. What is the units digit of g(2)?
2
Suppose 0 = 4*f - 0 - 72. Suppose 5*m = -8 + 23. Suppose 3*h = m*q + 27, 0 = -4*h + 2*q + f + 22. What is the tens digit of h?
1
Let i(z) = -z**3 - 3*z**2 - 3*z - 2. Let p be i(-2). Suppose -4*u = 3*m - 9, p = -3*u - 4 - 5. What is the units digit of m?
7
Let h be (-16)/96 - 2/(-12). Suppose h = -m + 4*m - 24. What is the units digit of m?
8
Let m be (-2)/2*(0 - 0). Suppose 2*v - o - 4*o - 20 = m, 3*v = -2*o + 11. What is the units digit of v?
5
Suppose 3*r - 10 = -1. Suppose r*v = 38 - 2. What is the units digit of v?
2
Suppose -4*q + 4*s + 344 = 0, 17 = -q + 5*s + 119. Suppose -5*z = 12 - q. What is the tens digit of z?
1
What is the units digit of 12/(-8) + (-10)/(-4)?
1
Let c be (1 + 0)/((-2)/(-36)). Let b = c - 6. What is the units digit of b - 3 - (-1 + 3)?
7
Let m(h) = -8*h**3 - h**2 - h. Let i be m(-1). Suppose 0 = 4*u - 2*u - i. Suppose u*q - 13 = 23. What is the units digit of q?
9
Suppose d + 4*d = 0. Suppose d = 2*h - 17 - 1. What is the units digit of h?
9
Let u be (6 + 0)*1 + -1. Suppose -u*q = -q - 12. Suppose -q*j + 19 = -8. What is the units digit of j?
9
Suppose -78 = 5*j + 3*g, j - 5*g - 34 = 4*j. Let y = j + 19. What is the units digit of y?
1
Suppose 0*p + 2*o = -4*p + 112, -2*o = -5*p + 149. Suppose -2*w - 23 = -4*c + p, 4*w = 3*c - 44. What is the tens digit of c?
1
Let i = -20 - -68. What is the units digit of i?
8
Suppose 0 = 5*o - 4 - 11. Suppose 4*k - 50 = o*k. Suppose 5*c + 5*u = k, u - 55 = -3*c - c. What is the tens digit of c?
1
Let r = 7 + -2. Let h be (-3)/6 + r/2. Suppose 2 = h*x - 4. What is the units digit of x?
3
Let j(f) = -f**2 + 4*f - 2. Let b = -16 + 9. Let y(w) = -w - 4. Let s be y(b). What is the units digit of j(s)?
1
Let t = 7 + -5. Suppose 0 = -t*b - 15 + 3. Let y = b - -7. What is the units digit of y?
1
Suppose 5*w - 1543 = -308. What is the units digit of w?
7
Let o = -7 - -1. What is the units digit of 8 + 0 + (o - -7)?
9
Let v be (-8)/(-2)*2/4. Suppose -3*r - v*i + 22 = -3*i, 4*r - 3*i = 26. What is the units digit of r?
8
Suppose 6*o - 4*o - 16 = 0. Let n = o + -6. Suppose -2*t - n*a = -18 - 16, 3*a - 65 = -4*t. What is the units digit of t?
4
Let c = 50 + -8. What is the units digit of c?
2
Suppose -122 = -5*n + 138. What is the units digit of n?
2
Let h = 137 - -83. What is the tens digit of h?
2
Let c = 6 - 2. Let n = 8 - c. Suppose 12 = n*f - f. What is the units digit of f?
4
Suppose -v = 3*d + 10, -4*d = v - 6*v + 26. Let q be -1 - (-2 + (-38 - v)). Suppose 0 = 4*k - 51 - q. What is the units digit of k?
3
Let s be 1 - 2 - (-5 - -1). Suppose y = s*k - 8, y - 10 = 6*y - 5*k. Suppose 5 = 2*q + y. What is the units digit of q?
2
Let r(p) = -2*p - 6. Let o be r(-5). Suppose o*a = 4*z + 100, 3*z + a = -a - 50. What is the units digit of z/15*(0 + -3)?
4
Suppose 4*u - 2*q = 2*q + 412, 3*u + q = 329. What is the units digit of u?
8
Let p = -8 + 13. Suppose 0 = 2*r - 2*j + 30, p*r - 4*j = -0*j - 77. Let g = r + 34. What is the tens digit of g?
1
Suppose -4*q + 4*m = -276, 2*m = q - 32 - 40. What is the units digit of q?
6
Suppose -k = 4*k - 2*t - 13, -5*t = -4*k + 7. Suppose 6*v = -3*i + v - 28, -4*i + k*v + 11 = 0. What is the units digit of (i + 0)/(3/(-6))?
2
Suppose -j + 115 = -0*r + 3*r, -4*r = 3*j - 340. What is the tens digit of j?
1
Let l(b) = 0*b - b**2 + 2*b**2 + 2 - b - 2*b. What is the units digit of l(3)?
2
Let a be 1 + 0 + (0 - -1). Let k(y) = 9*y - y**2 - 10 + a*y**2 - y**3 + 5*y**2. What is the units digit of k(7)?
4
Let v = 4 - 0. Let y(g) = -g**3 + 4*g**2 + 2. What is the units digit of y(v)?
2
Suppose -4*j - l + 39 = 0, l = -3*j + 12 + 17. Let v = 13 - j. What is the units digit of v?
3
Let y = 0 - 4. What is the units digit of (6/9)/(y/(-42))?
7
Let b = 828 + -572. What is the hundreds digit of b?
2
Let f(y) = -y**3 - 24*y**2 - 29*y. What is the tens digit of f(-23)?
3
Let f be -2 - (0 + -3 - -1). Suppose -m + 4*l = 6, m - 5*l + 9 - 1 = f. What is the units digit of m?
2
Suppose -64 = 5*h - 9*h. What is the units digit of h?
6
Suppose -2*c - 3*c + 5*d = -10, d = 5*c - 6. Let m(p) = 2*p**3 - p**2 - p + 1. What is the units digit of m(c)?
1
Suppose -3*o + 736 = 79. What is the hundreds digit of o?
2
Suppose 2*m - 6 = 4. Suppose s - 5*c + 31 = -2*s, -5 = -m*s - 3*c. What is the tens digit of (-8)/16 - 23/s?
1
Let s(i) = -i**2 + 6*i - 6. Let r be s(4). What is the units digit of 1 - (0/r - 1)?
2
Suppose 5*a + 4*d - 255 = -8, d = -3*a + 151. What is the tens digit of 3/3 + 1 + a?
5
Let f(z) = 4*z**2 + 4*z - 3. Let x be f(4). Let o = x - 44. What is the units digit of o?
3
Suppose 4*r - r - 6 = 0. Suppose r*y = -2*y + 24. What is the units digit of y?
6
Let b(z) be the first derivative of 